t u(a) = v*t(a) + 3*o(a). Determine u(3).
4
Suppose i = -2*x - 1, 0 = 5*i - x - 8 - 9. Suppose u = 2*u - i*r - 5, -2*r - 22 = 4*u. Let c be ((-4)/(-6))/(u/(-6)). Let z(v) = v**2 - 2*v. What is z(c)?
-1
Let s(p) = -p**3 + p + 1. Let w be (-6)/(6/((-6)/2)). Suppose w*h + 5*a = 19, 5*h + 4*a = 2*a. Determine s(h).
7
Let v(w) = -2*w - 2 + 7 + 5*w + 5*w**3 - 3*w**2 + 8*w**2. Let q(m) = -m**3 - m**2 - m - 1. Let o(u) = -4*q(u) - v(u). Suppose 0*b = -5*b. Determine o(b).
-1
Let n(h) be the first derivative of h**4/24 - h**3/3 - h**2/2 - 1. Let b(t) be the second derivative of n(t). Let v = 262 + -258. Give b(v).
2
Let u = 55 + -42. Let z(n) = -n**2 + 13*n - 4. Calculate z(u).
-4
Let y(n) = -7*n - 1. Suppose -k + 21 = 2*k. Let p(w) = w - 4. Let j be p(k). Suppose j*q + q = 4. Give y(q).
-8
Let m = -9 + 1. Let q = -9 - -20. Let d = q + m. Let n(u) = -u**3 + 3*u**2 + 4*u - 3. What is n(d)?
9
Suppose 2*g + p = 19, -8*g + 40 = -3*g + p. Let m(t) = -t + 10. Calculate m(g).
3
Let o(k) be the second derivative of -k**4/12 - 7*k**3/6 + 4*k**2 + 8*k. What is o(-8)?
0
Let n(u) = -3*u**3 + 2*u**3 - 2*u + 2 + 237*u**2 - 234*u**2. Suppose 5*z = 2*z + 6. Calculate n(z).
2
Let j(o) = -10 + 0*o - 4*o + 3*o + 11. Suppose -4 + 41 = -5*n + 4*s, 0 = -n + 3*s - 14. Let h be (-1)/3*n*-3. Give j(h).
6
Let q(c) be the second derivative of 0*c**2 + 5*c + 1/12*c**4 - 2/3*c**3 + 0. Determine q(4).
0
Let w(l) = -4*l**3 - 7*l**2 + 3*l + 2. Let x be 1*-6*(6 - 5). Let t = 14 + -9. Let o(h) = -5*h**3 - 8*h**2 + 4*h + 2. Let k(p) = t*o(p) + x*w(p). What is k(3)?
-5
Let d(a) = -a**2 - 4*a + 3. Let b be ((-6)/(-5))/(6/10) + 1. What is d(b)?
-18
Let i(x) be the second derivative of -x**3/6 - x**2 + 2*x. Suppose 5 = 5*s - 5*d, -5*s + d = 3*d - 12. Let l = 2 - s. Calculate i(l).
-2
Let r(j) be the third derivative of j**6/120 + j**5/30 + j**4/12 - 8*j**2. What is r(-2)?
-4
Let q(v) = -2*v**3 + 7*v**2 + 3*v - 5. Let l(a) = -a**3 + 3*a**2 + a - 2. Let r(o) = -5*l(o) + 2*q(o). Let x(t) = 2*t + 15. Let y be x(-7). Give r(y).
1
Let q(u) = -u**3 - 4*u**2 - 3*u - 1. Suppose -4*r = 2*d + 4, 0 = -d + 5*d + 3*r + 23. Let s = -15 - -21. Let z = d + s. What is q(z)?
-3
Let f(a) = a**2 - 5*a + 2. Let m be 1 - -2 - (-3 - 0). Give f(m).
8
Let g = -9 + 7. Let x(l) be the second derivative of -l**8/6720 - l**6/720 - l**5/120 - l**4/12 - 5*l. Let u(y) be the third derivative of x(y). Give u(g).
9
Suppose 0 = -t + 2 - 1. Let x(n) = -6*n - 9. Let m(j) = 1. Let s(h) = 2. Let r(b) = -3*m(b) + s(b). Let y(c) = t*x(c) - 12*r(c). Give y(2).
-9
Let z(s) = s**2 - 3*s - 5. Suppose 2 = -5*g + 22. Calculate z(g).
-1
Suppose -5 = 2*j - 9. Let m = j - 6. Let f = 1 - m. Let s(q) = q**2 - 6*q + 3. Give s(f).
-2
Let d(b) = b**3 + 4*b**2 + 4*b + 4. Let z(h) = h**3 + 5*h**2 + 5*h + 5. Let r(n) = 4*d(n) - 3*z(n). Let q = -29 - -27. Calculate r(q).
-5
Let q(u) = u**3 - 7*u**2 + 6*u + 1. Let a = 52 - 47. Determine q(a).
-19
Let y(g) = g**3 - 4 - 2 + 5*g**2 - 1 + 2. What is y(-5)?
-5
Let q = 1 - -5. Let k = 6 + -5. Suppose -d = q - k. Let z(x) = x + 3. Give z(d).
-2
Let t(a) = a**2 + a - 4. Let j = -14 + 15. Suppose 0 = 3*h + j - 10. What is t(h)?
8
Let y(z) be the second derivative of -z**7/2520 + z**6/360 + z**5/120 + z**4/3 - 3*z. Let r(v) be the third derivative of y(v). What is r(3)?
-2
Let k(m) = 3*m**3 - 1. Suppose -7*t + 2*d = -3*t, 2*t = 4*d + 6. What is k(t)?
-4
Let x(w) = 2*w - 1. Suppose -m + 10 = t, -t + 30 = m + 4*t. Calculate x(m).
9
Let m(d) = -d**3 - 6*d**2 + d + 4. Let g be m(-6). Let k(h) = -2*h**3 + 2*h**2 + 2*h - 2. Determine k(g).
18
Let a be 1 + 2/((-6)/(-15)). Suppose -a*u = -u. Let z(q) = -q**2 - q. Calculate z(u).
0
Suppose -n - 3*n - 5*m - 6 = 0, m + 2 = 0. Let x(o) be the first derivative of -5*o + 2*o**2 + 1/3*o**3 + n. Determine x(-5).
0
Let v(j) = j + 5. Let n be v(-5). Let g(r) = r**3 + r**2 - r - 10. Calculate g(n).
-10
Let p(q) be the third derivative of q**9/60480 + q**8/5040 + q**7/1260 + q**6/360 - q**5/60 - 2*q**2. Let h(v) be the third derivative of p(v). Calculate h(-2).
2
Let m(f) = -3*f - 2. Let j = -45 + 49. Give m(j).
-14
Let d = 14 + -9. Let s(j) = 4*j - d*j - 6 - 4*j + 2*j. Calculate s(-4).
6
Let c(q) = -2*q + 7. Let t be (15/10)/((-3)/(-16)). Let p = -3 + t. Determine c(p).
-3
Let h(m) = 3*m - 2. Let i(u) = -u**2 + 15*u - 10. Let v(t) = 11*h(t) - 2*i(t). Let z(a) = -2*a - 1. Let x be z(1). What is v(x)?
7
Suppose g = 4*x - 7, 1 - 9 = -3*x - 2*g. Let y(u) = u**2 - 5*u + x*u + 2*u - 4. Suppose d - 2*h = 6, 0*h = h + 1. Give y(d).
8
Let d(p) be the second derivative of -p**5/20 + 7*p**4/12 - 5*p**3/6 - p**2/2 + p. Suppose -a + 4*a = 3*s + 6, -2*a + 16 = s. Give d(a).
5
Suppose 0 = b + 3*b - 12. Let p(o) = o**3 - b*o**2 + 4 + 4 - 9 + 2*o. Calculate p(3).
5
Let r(v) = -v**3 - 6*v**2 + 2*v + 4. Let f = -7 + 13. Let k = -12 + f. Give r(k).
-8
Let u be (6/(-9))/((-2)/(-12)). Let b(d) = d**2 + 6*d. Let c(i) = -i**2 - 7*i. Let r(f) = 4*b(f) + 3*c(f). Calculate r(u).
4
Suppose 108 = 3*j + j. Let a be (j/(-12))/((-9)/24). Let i(k) = -k + 1. Calculate i(a).
-5
Let s(i) be the second derivative of 3*i - 1/3*i**3 + 1/2*i**2 + 1/12*i**4 + 0. Let z = 16 - 13. Calculate s(z).
4
Let i(z) = -6*z**3 - 5*z - z**3 - 4*z**3 - 14*z**2. Let v(n) = 4*n**3 + 5*n**2 + 2*n. Let f = 16 + -8. Let u(h) = f*v(h) + 3*i(h). Give u(-2).
-2
Let y(g) = -g**3 + g**2 + g. Let u(d) = 4*d**3 + 4*d**2 + 4*d + 8. Let k(z) = u(z) + 3*y(z). What is k(-6)?
2
Suppose -4*m - 1 = -9. Let c be m/(-3)*3/(-2). Let n(x) = 52*x + 5. Let q(t) = 61*t + 6. Let k(i) = -7*n(i) + 6*q(i). Give k(c).
3
Suppose 40 = 4*g - 4*l, 8 = 4*l - 0. Suppose 2*o - 19 = -t, -4*t = -4*o + o - 65. Let u = t - g. Let b(q) = 2*q - 7. Calculate b(u).
3
Let b be (2 - -3) + 6/(-2). Let o(u) = 2*u - 3*u**3 + 5*u**b - 2*u + 7 + 2*u**3. Give o(5).
7
Let d(f) = f - f - f - 3. Let h be d(-3). Let b(l) = 0*l + h*l + l - 12*l**3. Give b(1).
-11
Let o(b) = b + 3. Let t be o(0). Let c(l) = 0*l**3 - l**3 - l + 0*l**t. Let a be (-2)/(-4)*-2*(1 - 0). What is c(a)?
2
Let o = -12 + 13. Let x(r) = -r**2 + r - o + 0*r**2 - 2*r - 4*r. Determine x(-3).
5
Let d(u) = -u - 8. Let k = -45 + 45. Give d(k).
-8
Suppose 4*n = -4*y - 0*y + 8, 3*n + 4*y = 3. Suppose 0 = -d - 4*d. Let v(a) = -1 + 4 + d - a**2 + 0*a**2 + 4*a. Give v(n).
-2
Let r(x) = x**2 + x - 2. Let p(v) = -v**2 - 11*v + 10. Let t be 3/2 - 54/4. Let w be p(t). Determine r(w).
0
Let z(j) = -6*j + 7. Let m be z(2). Let f(w) = -4*w - 6. Determine f(m).
14
Suppose -4*z + 6 = -2*o - 0, -5*o = 5*z + 15. Let m(j) = -j**3 + 5*j + 2. What is m(o)?
14
Let a(c) = -2*c**2 + 1. Let n be (1/3)/((-1)/(-6)). Calculate a(n).
-7
Let p be (-513)/(-21) - (-4)/7. Let g(v) = 1 - 24*v + 3 + p*v. Calculate g(-4).
0
Let r(a) = -a**2 - 2. Suppose 2*x = x. Calculate r(x).
-2
Let b(u) = -2*u - 5. Let c = 42 + -37. Determine b(c).
-15
Let m(s) = 3*s - 1. Suppose 6*i - 2*i = 4. Let q = 3 + -5. Let u = q + i. Determine m(u).
-4
Let k(u) = -9*u + 32. Let m(q) = -4*q + 16. Let d(i) = -3*k(i) + 7*m(i). Determine d(0).
16
Let o(v) be the second derivative of -v**3/6 - 10*v**2 + 4*v. Calculate o(0).
-20
Let r(g) = g**3 - 7*g**2 - 9*g + 4. Let y be r(8). Let p be (y/(-16))/(2/(-8)). Let w(l) = 8*l + 1. Give w(p).
-7
Let k = 3 - -1. Suppose 5*r - 30 = -3*g, -3 = -2*g - k*r + 19. Let v(l) = 2*l - 4. What is v(g)?
6
Let f(a) be the third derivative of -a**4/24 + a**3/2 - 4*a**2. Determine f(-3).
6
Let l(p) be the first derivative of -p**2/2 - 4*p - 7. Calculate l(-3).
-1
Let m = 4 + -2. Suppose -5*l = 5*b - 35, b - 4*l + 23 = l. Suppose 0 = -b*c - m - 0. Let u(n) = 4*n**2 + n. What is u(c)?
3
Let h = -4 - 0. Let u(t) = t**3 + 4*t**2 + t + 2. Determine u(h).
-2
Let i(x) = -20*x + 5. Let k be i(2). Let s be 3/(-5) - 21/k. Let q(m) = m**2 + 9. Give q(s).
9
Let p(g) = 1 + g - 3 - 3*g. Suppose d - 3*n = 0, 4*n = 6*d - d - 11. Suppose -d*l - 3 - 3 = 0. Calculate p(l).
2
Let u(q) be the third derivative of -q**7/2520 + q**6/90 - q**5/20 + q**4/12 + 4*q**2. Let s(d) be the second derivative of u(d). Give s(6).
6
Let h(f) be the first derivative of -f**4/4 + 5*f**3/3 - 5*f**2/2 + 1. What is h(4)?
-4
Let a(w) = -w**3 + 14*w**2 - w + 17. Let v be a(14). Let l(u) = -5*u - 4. Determine l(v).
-19
Let l be (-3)/(1 - -2)*-2. Suppose b + 2 = l*b. Suppose -2*q = b*q - 8. Let y(